h. Calculate the highest common factor of o and 243.
27
Let r(q) = -q**3 - 11*q**2 - 26*q - 115. Let n be r(-11). Calculate the highest common factor of n and 855.
171
Let q be 24/(-7) - 27/(-63). Let r(g) = -50*g - 6. Let l be r(q). Calculate the highest common divisor of 18 and l.
18
Suppose 1129 = 23*f - 2505. Let h = f - 151. Suppose -3*v + 70 = -v. Calculate the greatest common divisor of h and v.
7
Suppose 1167 = 2*x + 5*h, -x - 5*h + 907 - 316 = 0. What is the greatest common divisor of x and 4?
4
Suppose 321*p = 818*p + 21327 - 112278. Calculate the greatest common factor of 12 and p.
3
Suppose -137 - 8 = -5*l. Suppose -32*a + 180 = -l*a. Let t be (a - (-5)/5) + -1. What is the highest common divisor of t and 12?
12
Suppose 43*z = 7853 + 1779. Calculate the highest common factor of 252 and z.
28
Suppose 850*b = 69*b + 12409 + 28984. Let o(f) = f**2 - 4*f + 4. Let u be o(3). Calculate the greatest common divisor of b and u.
1
Let g(d) = -d**3 + 69*d**2 + 239*d - 39. Let l be g(72). What is the greatest common divisor of l and 154?
77
Let v = -9625 + 10477. Calculate the highest common divisor of v and 72.
12
Let h be (-5)/(-3) - 4/(-12). Let g be 27/(1/(h/2)). Suppose 0 = 5*u + 3*p - 89, -2*u - 5*p + g = -20. What is the greatest common factor of u and 112?
16
Let i(g) = -g**3 + 27*g**2 + 10*g - 177. Let h be i(27). What is the highest common factor of h and 7533?
93
Let y = -7360 - -7404. Suppose 2322 - 6158 = -3*t - 2*p, -16 = -4*p. Calculate the highest common factor of y and t.
44
Suppose -12*u + 46 = -134. Let s = 201 + -126. What is the greatest common factor of s and u?
15
Suppose 51 - 29 = -2*a. Let p(j) = j**2 + 10*j - 8. Let u be p(a). Let b be (1 - -2*3/u)*8. What is the highest common factor of 2 and b?
2
Let s(c) = 0 + 2*c**2 - 9*c - 2*c - c**2 + 1 + 7*c. Let n be s(-3). Calculate the greatest common divisor of n and 22.
22
Suppose -13*p + 224 = -5*p. Let b = -1142 - -1177. What is the highest common divisor of p and b?
7
Let k = -30 - -64. Suppose 3*y = -3*o + 1251, 4*o = -y - y + 838. Let l = y - 143. What is the greatest common divisor of l and k?
34
Let c be 44/55*(-15)/2. Let t be (c/4)/((-15)/220). What is the highest common divisor of 121 and t?
11
Let j = -226 - 85. Let a = j + 329. Calculate the highest common factor of 171 and a.
9
Suppose 151 = 2*m + 119. Suppose -16*g + 0 = -m. Calculate the greatest common factor of 7 and g.
1
Suppose -13*i + 627 = 4*d, d - 163 = -2*i + 5*i. What is the greatest common factor of 410 and d?
10
Let w(g) = g - 2. Let o be w(6). Suppose 2*c - 317 = -c + o*t, -277 = -3*c - 4*t. Let s = 151302 + -151284. What is the greatest common factor of s and c?
9
Let t(a) be the second derivative of -5*a**3/2 - 37*a**2/2 - 2*a + 6. Let m be t(-24). What is the highest common factor of 19 and m?
19
Let i(a) = 64*a**2 + 3*a - 1. Suppose w - 5*m + 22 = 0, -m + 2*m - 5 = 0. Suppose 2*o = -o + w. Let q be i(o). Calculate the highest common divisor of 6 and q.
6
Suppose k - 110*k = 349 - 2965. Calculate the greatest common factor of k and 6348.
12
Suppose -k + 59 = 13 + 26. What is the highest common factor of k and 2060?
20
Let z(y) = 16*y**2 + 5*y + 4. Let o be z(-1). Let v be 9/(-18)*(-120)/2. What is the greatest common factor of v and o?
15
Let z(q) = 2*q**2 + 5*q - 11. Let j be z(-5). Let l = -151 - -173. Suppose 175 = -17*h + l*h. Calculate the highest common divisor of h and j.
7
Let b be 118/14 + (-45)/105 - -55. Calculate the highest common factor of 15729 and b.
21
Let j(o) be the first derivative of 1/3*o**3 - 6*o + 12 + 1/4*o**4 - 3*o**2. Let k be j(-2). Calculate the highest common factor of k and 1.
1
Let h be (-845)/(-338)*(-1 + (-46)/(-30))*72. What is the highest common divisor of h and 3?
3
Let u(k) = k**3 - 73*k**2 + 584*k + 145. Let r be u(64). What is the greatest common divisor of r and 63?
9
Suppose -5*t - 30 = -2*y + 13, 2*t + 26 = 3*y. Let s be -14 + 43 - (3 + t). What is the highest common divisor of 44 and s?
11
Let j = 500 + -408. Calculate the greatest common factor of 40 and j.
4
Let b be (-88)/(-44) - (-68)/((-4)/(-14)*1). Calculate the greatest common factor of 12 and b.
12
Suppose -30 = 869*f - 864*f, f = 2*b - 176. Calculate the greatest common factor of 306 and b.
17
Let n(c) = 1146*c + 12879. Let p be n(-11). Let x be 117 + 0/(0 - 1). Calculate the highest common divisor of p and x.
39
Let a be (-485)/(-25) - (-6)/10. Let i(w) = 2*w - 60. Let u be i(a). Let b = u - -29. What is the greatest common factor of b and 12?
3
Suppose -6 = -73*a + 75*a. Let p be 2 - a*(-1)/(-3). Suppose p*l - 100 = -4*s - 2*l, 3*s - l - 75 = 0. What is the highest common divisor of s and 25?
25
Suppose 0*x + x + 4*z - 974 = 0, 5*x - 5*z - 4895 = 0. Suppose 20*h - x = 18*h. Let v = 698 - h. What is the greatest common factor of 19 and v?
19
Let i(o) = -o**3 + 2*o**2 + 10*o - 2. Let l be i(-6). Let m = l + -82. Let j be m/14*84/18. Calculate the greatest common divisor of j and 24.
24
Let h(i) = 5*i**2 - 3*i - 12. Suppose -2*f - 10 = -f. Let r be h(f). What is the highest common factor of 14 and r?
14
Let s = 10348 - 2588. What is the highest common factor of 40 and s?
40
Let w = -16 + 11. Let r be ((-2)/w)/(12/900). Suppose -2*n + 4*o + 36 = 2*o, -3*n + 48 = -o. What is the greatest common divisor of r and n?
15
Let f = -30052 - -30304. Suppose 4*b + 208 = 4*l, 3*l - 6*b = -2*b + 154. Calculate the highest common divisor of f and l.
18
Let a(j) = j**3 + 80*j**2 - 82*j - 11. Let g be a(-81). Calculate the highest common factor of g and 1092.
14
Let g(n) = -n**3 - 4*n**2 + 9*n + 1. Let u be g(-6). Suppose 20*q - 28558 = -66*q + 15560. Calculate the highest common factor of q and u.
19
Suppose -g + 1808 = -2*j, 840*j = 5*g + 842*j - 8992. Calculate the greatest common divisor of g and 3825.
225
Suppose 29*c = -11474 + 228017. Calculate the highest common divisor of 3 and c.
3
Let h be 2 + 69/3 - -3. Let o(d) be the first derivative of 102*d**3 + 9*d**2/2 - 7*d + 17. Let l be o(1). Calculate the highest common factor of l and h.
28
Let r(y) be the second derivative of 8*y**2 + 5/3*y**3 + 13*y + 0. Let j be r(12). What is the highest common divisor of j and 17?
17
Suppose -209 = -c - 39. Let o = -26 - -31. Let m = 15 - o. What is the greatest common divisor of m and c?
10
Let r(w) be the third derivative of -w**4/24 - 5*w**3/3 - w**2. Let d be (-4)/8 + 29/(-2). Let t be r(d). What is the greatest common divisor of t and 2?
1
Let d = -39273 - -39289. Let p = -111 + 220. Let z = p - 45. What is the highest common divisor of d and z?
16
Suppose -9*k - 46*k = -23*k - 8640. What is the greatest common factor of k and 90?
90
Suppose 0 = -3*m + 439 + 386. Let c = m - 253. Calculate the greatest common divisor of c and 66.
22
Suppose 21 = 9*h + 669. Let i = h + 94. Let g be 1/(-4) + 23/8*i. What is the greatest common factor of g and 7?
7
Let f(j) = j**3 + 112*j**2 + 324*j + 15. Let a be f(-108). Calculate the highest common divisor of a and 102.
51
Let z be 61 + 1*(18/6 + 0). Let o = -13 + 17. What is the highest common factor of z and o?
4
Let o(l) = 5*l**2 - 24*l + 170. Let d be o(7). What is the highest common divisor of 589 and d?
19
Let q(l) = 3*l - 1767 + 1696 + 3*l + 0*l. Let i be q(14). Suppose -130 = o - 3*o. Calculate the greatest common factor of o and i.
13
Suppose -r + 10 = 6. Suppose 0 = r*v + 3*x - 40, -x - 40 = -4*v - 5*x. Calculate the highest common factor of 70 and v.
10
Suppose 3*z = -4 - 5. Let f be 0 - (-5 - -3) - 93/z. Let x = 512 + -479. What is the greatest common factor of x and f?
33
Suppose -49 = 11*g - 346. Let k(j) = -1 + 25*j - 21 + g*j - 96*j. Let i be k(-3). Calculate the greatest common factor of i and 10.
10
Suppose 56274*p = 56239*p + 560. What is the highest common factor of 7688 and p?
8
Let u = 151 - 154. Let l be (-2 + u)/(-5) + 84/1. Calculate the greatest common factor of l and 5.
5
Suppose -5*n = -3*h - 776, 24*n - 28*n + 2*h = -620. What is the greatest common divisor of n and 407?
11
Let q = 25 - -11. What is the highest common factor of 276 and q?
12
Suppose 0 = -4*t - 86 + 158. Let y be (-4144)/(-96) + (2 - 39/t). What is the greatest common factor of y and 1?
1
Suppose 0 = 4*b - 9*b + 120. Let z = -52191 + 52419. Calculate the greatest common diviso